{"id":19,"date":"2007-07-05T18:20:00","date_gmt":"2007-07-05T16:20:00","guid":{"rendered":"http:\/\/hockey.isnext.eu\/wp\/?page_id=19"},"modified":"2007-07-05T18:20:00","modified_gmt":"2007-07-05T16:20:00","slug":"archiv","status":"publish","type":"page","link":"http:\/\/www.weitbrecht-media.de\/hockey\/archiv","title":{"rendered":"Archiv"},"content":{"rendered":"","protected":false},"excerpt":{"rendered":"","protected":false},"author":1,"featured_media":0,"parent":0,"menu_order":0,"comment_status":"open","ping_status":"open","template":"archives.php","meta":{"_crdt_document":"","ngg_post_thumbnail":0,"jetpack_post_was_ever_published":false,"footnotes":""},"class_list":["post-19","page","type-page","status-publish","hentry"],"jetpack_sharing_enabled":true,"jetpack_shortlink":"https:\/\/wp.me\/P9PAz3-j","jetpack-related-posts":[{"id":20,"url":"http:\/\/www.weitbrecht-media.de\/hockey\/kontakt","url_meta":{"origin":19,"position":0},"title":"Kontakt","author":"Karsten","date":"5. Juli 2007","format":false,"excerpt":"Herr Gottfried K. Weitbrecht Grazer Stra\u00dfe 62, D-70469 Stuttgart Telefax: (+49) 711 - 85 18 49 E-Mail: Gottfried[at]Weitbrecht.net {mailform} Haftung f\u00fcr Links Die aufgef\u00fchrten externen Links f\u00fchren zu Inhalten fremder Anbieter. F\u00fcr diese Inhalte ist der jeweilige Anbieter verantworlich. Haftung f\u00fcr Inhalte Die Informationen auf dieser Seite sind allgemeiner und\u2026","rel":"","context":"In &quot;Alle Spiele&quot;","block_context":{"text":"Alle Spiele","link":"http:\/\/www.weitbrecht-media.de\/hockey\/archives\/category\/alle"},"img":{"alt_text":"","src":"","width":0,"height":0},"classes":[]},{"id":2,"url":"http:\/\/www.weitbrecht-media.de\/hockey\/about","url_meta":{"origin":19,"position":1},"title":"Infos zum Mitmachen","author":"Karsten","date":"1. Februar 2007","format":false,"excerpt":"Herzlich Willkommen! Wir sind eine Freizeit-Hockeymannschaft und jeder ist eingeladen mitzuspielen. Zuerst auf \"Kontakt\" dr\u00fccken. Dann schreibt ihr bitte an die dort befindliche Email-Adresse eine Mail. Ihr m\u00fcsst eure Emailadresse und d\u00fcrft eure Webseite angeben. Schickt bitte den Anmeldenamen und den Klarnamen\u00a0 (Vorname und Familienname) mit. Der Administrator tr\u00e4gt euch\u2026","rel":"","context":"In &quot;Alle Spiele&quot;","block_context":{"text":"Alle Spiele","link":"http:\/\/www.weitbrecht-media.de\/hockey\/archives\/category\/alle"},"img":{"alt_text":"","src":"","width":0,"height":0},"classes":[]}],"_links":{"self":[{"href":"http:\/\/www.weitbrecht-media.de\/hockey\/wp-json\/wp\/v2\/pages\/19","targetHints":{"allow":["GET"]}}],"collection":[{"href":"http:\/\/www.weitbrecht-media.de\/hockey\/wp-json\/wp\/v2\/pages"}],"about":[{"href":"http:\/\/www.weitbrecht-media.de\/hockey\/wp-json\/wp\/v2\/types\/page"}],"author":[{"embeddable":true,"href":"http:\/\/www.weitbrecht-media.de\/hockey\/wp-json\/wp\/v2\/users\/1"}],"replies":[{"embeddable":true,"href":"http:\/\/www.weitbrecht-media.de\/hockey\/wp-json\/wp\/v2\/comments?post=19"}],"version-history":[{"count":0,"href":"http:\/\/www.weitbrecht-media.de\/hockey\/wp-json\/wp\/v2\/pages\/19\/revisions"}],"wp:attachment":[{"href":"http:\/\/www.weitbrecht-media.de\/hockey\/wp-json\/wp\/v2\/media?parent=19"}],"curies":[{"name":"wp","href":"https:\/\/api.w.org\/{rel}","templated":true}]}}